6
Let o(v) = 10*v - 13. What is o(6)?
47
Let a(p) = 7*p**3 + 21*p**2 + 7*p + 12. Give a(-3).
-9
Let k(p) = -p**2 - 10*p + 10. Calculate k(-8).
26
Let o(j) = 4*j - 3. Calculate o(-5).
-23
Let r(j) = -j**3 + 7*j**2 + 8*j - 18. What is r(8)?
-18
Let v(k) = -k**3 - 23*k**2 + k - 4. Determine v(-23).
-27
Let n(d) = -d**3 + 14*d**2 + 18*d - 43. Give n(15).
2
Let i(w) = -w**2 - 3*w - 7. Determine i(-7).
-35
Let w(k) = 66*k + 330. Calculate w(-5).
0
Let f(o) = 5*o - 49. Determine f(9).
-4
Let d(n) = 12*n**2 + 66*n - 43. Give d(-6).
-7
Let t(d) = -d**2 + 18*d - 40. Determine t(16).
-8
Let u(v) = v**3 - 6*v**2 - 5*v - 8. Give u(6).
-38
Let i(d) = -8*d - 6. Calculate i(-10).
74
Let f(a) = 4*a**3 + 4*a**2 + 2*a - 1. What is f(-2)?
-21
Let f(q) = 3*q + 2. What is f(4)?
14
Let p(d) = d**2 + 8*d - 6. What is p(-8)?
-6
Let d(i) = i**2 - 11*i + 9. Determine d(11).
9
Let x(a) = -8*a**2 + a + 1. What is x(-1)?
-8
Let k(g) = -12*g**2 - 2*g - 1. Give k(-2).
-45
Let s(g) = 10*g - 59. Calculate s(7).
11
Let s(l) = -l**2 - 13*l - 33. Calculate s(-17).
-101
Let j(m) = 6*m + 35. Calculate j(-19).
-79
Let k(i) = -i**2 - 15*i - 69. Give k(-11).
-25
Let g(s) = -s - 3. Give g(0).
-3
Let k(g) = g**2 + 10*g + 16. Calculate k(-8).
0
Let p(h) = h**2 - 8*h - 14. Determine p(10).
6
Let k(t) = t**3 - 9*t**2 + 8*t + 25. What is k(8)?
25
Let q(y) = y**3 - 3*y**2 + 6*y - 32. Determine q(4).
8
Let z(d) = 2*d - 6. Determine z(5).
4
Let g(z) = -26*z - 170. Determine g(-7).
12
Let r(f) = -f**3 + 8*f**2 + 8*f + 1. Calculate r(9).
-8
Let d(q) = 22*q + 314. Determine d(-15).
-16
Let g(o) = 7*o + 29. Determine g(5).
64
Let m(y) = y**2 + 22*y - 43. Calculate m(-24).
5
Let o(q) = -q**2 - 8*q + 5. What is o(-8)?
5
Let g(t) = t**3 + 11*t**2 - 11*t + 5. Calculate g(-12).
-7
Let c(q) = -12*q - 3. Calculate c(-3).
33
Let h(g) = -g**2 + 3*g + 13. Calculate h(-2).
3
Let w(o) = -o**2 - 3*o + 142. Give w(11).
-12
Let o(u) = 66*u + 1316. Calculate o(-20).
-4
Let y(m) = -m**3 - m**2 - 2*m + 145. Calculate y(0).
145
Let m(c) = c**3 - 13*c**2 + 13*c - 15. Determine m(12).
-3
Let f(p) = -p**3 - 11*p**2 - 11*p + 13. Calculate f(-10).
23
Let f(c) = c**2 - 9*c + 25. What is f(12)?
61
Let v(t) = -t**3 + 6*t**2 - 5*t + 8. Give v(6).
-22
Let g(o) = -o - 28. What is g(-25)?
-3
Let b(c) = 2*c**2 + 5*c - 4. Determine b(-4).
8
Let n(h) = 2*h**2 + 16*h - 20. Calculate n(-9).
-2
Let z(a) = -40*a - 655. Determine z(-16).
-15
Let v(t) = -t**3 + 49*t**2 - 179*t - 55. Calculate v(45).
-10
Let k(a) = 5*a + 3. What is k(-2)?
-7
Let m(q) = -54*q - 2. Calculate m(1).
-56
Let u(q) = -q**3 - 3*q**2 + 3*q + 3. Give u(-3).
-6
Let k(p) = p**3 + 5*p**2 - 6*p - 3. Determine k(-6).
-3
Let z(t) = 3*t + 36. What is z(15)?
81
Let h(i) = i**3 - 17*i**2 - i + 24. Determine h(17).
7
Let v(o) = -6*o**3 - 2*o**2 + 10*o - 14. Determine v(2).
-50
Let g(t) = -8*t**2 + 13*t - 8. What is g(1)?
-3
Let n(r) = r**2 + 25*r + 64. Calculate n(-21).
-20
Let k(z) = -z**3 + z**2 + z + 55. Give k(0).
55
Let z(c) = c**3 - 6*c**2 + 4*c - 7. Give z(6).
17
Let v(w) = -2*w**2 - 6*w + 3. Calculate v(-4).
-5
Let x(q) = 81*q**2 - q. What is x(-1)?
82
Let s(r) = r**3 + 4*r**2 - 5*r + 7. Determine s(-5).
7
Let f(q) = -q**2 + 19*q - 2. Give f(19).
-2
Let z(j) = -23*j + 527. Give z(23).
-2
Let j(b) = -6*b + 1. Calculate j(-3).
19
Let d(b) = -b**3 - 14*b**2 + 9*b - 26. Determine d(-15).
64
Let y(q) = 5*q + 15. Calculate y(-4).
-5
Let x(t) = -t**2 - t + 5. Calculate x(0).
5
Let c(y) = -y - 49. Calculate c(-46).
-3
Let f(l) = -l**3 + 4*l**2 - 4*l + 9. Give f(4).
-7
Let c(j) = j**2 + 7*j. Determine c(-8).
8
Let a(o) = -3*o**2 - 3*o - 2. Calculate a(-2).
-8
Let a(b) = 4*b - 6. Give a(2).
2
Let l(s) = -s**2 + 14*s - 22. Determine l(12).
2
Let a(l) = l**3 - 2*l**2 + 4*l - 4. Calculate a(3).
17
Let x(t) = -t**3 + 17*t**2 - 6*t + 70. Determine x(17).
-32
Let u(o) = 4*o**2 + 25*o + 1. Calculate u(4).
165
Let j(f) = f**2 + 6*f - 4. Give j(-6).
-4
Let w(p) = -p**2 + 15*p - 29. Determine w(12).
7
Let c(n) = 2*n**2 - 11*n + 24. Calculate c(3).
9
Let p(j) = -9*j + 1. What is p(6)?
-53
Let f(z) = -z**3 + z**2 + 6*z - 12. What is f(0)?
-12
Let z(b) = b**3 - 6*b**2 + 6*b - 3. What is z(5)?
2
Let r(s) = -s**2 - 21*s - 19. What is r(-20)?
1
Let r(c) = -6*c. Determine r(-4).
24
Let w(m) = -m**3 + 8*m**2 - 7*m + 3. Give w(7).
3
Let l(h) = -h**3 - 30*h**2 - 29*h - 33. What is l(-29)?
-33
Let x(t) = t**3 - 7*t**2 - 9*t - 12. Determine x(8).
-20
Let a(r) = -r**2. Calculate a(0).
0
Let g(d) = -4*d - 78. What is g(-21)?
6
Let k(q) = -q**3 + 8*q**2 + 8*q + 4. Give k(9).
-5
Let a(i) = i**3 - 3*i**2 - 3*i - 5. Give a(4).
-1
Let u(y) = -y**3 - 26*y**2 + 87*y - 4. Calculate u(-29).
-4
Let j(k) = k - 16. Determine j(14).
-2
Let n(h) = -h**3 + 7*h**2 - 3*h - 16. What is n(6)?
2
Let n(f) = -3*f**3 - 2*f**2 - 2*f - 1. Give n(-1).
2
Let u(p) = -p**3 - 12*p**2 - 2*p + 3. What is u(0)?
3
Let l(f) = -f**3 + 6*f**2 + 6. Determine l(6).
6
Let u(w) = w**2 + 7*w - 11. Calculate u(-8).
-3
Let b(j) = -j**3 - 6*j**2 + 5*j + 5. Calculate b(-6).
-25
Let l(a) = -a**2 - a + 2. Give l(3).
-10
Let s(t) = 4*t + 7. Give s(-5).
-13
Let n(r) = 2*r + 12. What is n(-7)?
-2
Let o(n) = n**3 + 6*n**2 - 1. Determine o(-6).
-1
Let v(j) = -j**2 - 11*j + 6. Calculate v(-12).
-6
Let m(n) = 2*n - 4. Calculate m(1).
-2
Let l(a) = a**3 - 21*a**2 + 34*a - 282. Give l(20).
-2
Let d(s) = 9*s + 111. What is d(-14)?
-15
Let h(s) = -9*s - 22. Determine h(-6).
32
Let i(s) = 2*s**2 + 29*s - 109. Calculate i(-18).
17
Let f(j) = -j**2 - 45*j + 536. What is f(10)?
-14
Let s(y) = -5*y - 47. Determine s(-6).
-17
Let c(j) = -4*j - 40. Determine c(-8).
-8
Let p(w) = 2*w + 4. What is p(4)?
12
Let t(c) = 2*c - 5. Determine t(-7).
-19
Let j(u) = -154*u - 3. Give j(1).
-157
Let n(o) = -o + 9. Calculate n(17).
-8
Let o(p) = 3*p**3 - 2*p**2 + 1. What is o(-1)?
-4
Let m(v) = -v**2 + 14*v - 23. Determine m(16).
-55
Let c(r) = -9*r + 18. Give c(-9).
99
Let n(v) = v**2 + 5*v + 1. Calculate n(-5).
1
Let m(t) = -t**3 + t**2 - 5*t + 5. Calculate m(2).
-9
Let j(z) = -z**3 - 7*z**2 - 12*z - 5. Give j(-5).
5
Let u(y) = y - 5. What is u(11)?
6
Let i(j) = -j + 18. Calculate i(6).
12
Let b(x) = 31*x - 56. Determine b(2).
6
Let b(l) = -2*l**2 - 64*l + 70. What is b(-33)?
4
Let j(f) = -f**2 + 19*f - 59. Calculate j(17).
-25
Let k(s) = -s**2 - 11*s - 4. Determine k(-9).
14
Let h(c) = c**3 + 5*c**2 + c + 1. Calculate h(-3).
16
Let v(i) = i**3 - 7*i**2 + 5*i + 2. Determine v(6).
-4
Let q(i) = -i**3 + 20*i**2 - 39*i + 44. Determine q(18).
-10
Let y(h) = 4*h**3 - 3*h**2 - h + 3. Give y(2).
21
Let g(m) = -m**2 - 9*m - 27. Give g(-6).
-9
Let l(a) = a**3 - 4*a**2 - 6*a + 6. Determine l(5).
1
Let w(d) = d**3 + 20*d**2 - 20*d + 14. Determine w(-21).
-7
Let x(s) = -4*s**2 - 10. What is x(5)?
-110
Let h(g) = -18*g**3 + 2*g**2 + g - 1. Calculate h(1).
-16
Let h(a) = -2*a**2 + a + 5. Calculate h(-4).
-31
Let c(u) = 2*u - 28. Calculate c(13).
-2
Let p(d) = -2*d - 11. Give p(-5).
-1
Let b(i) = i**3 - 5*i**2 + i + 1. Determine b(5).
6
Let g(j) = -8*j**3 + 2*j**2 - 15*j + 14. Calculate g(1).
-7
Let t(d) = 5*d**2 - 5*d - 4. Give t(-1).
6
Let w(x) = 7*x - 59. What is w(7)?
-10
Let b(x) = -7*x - 14. Calculate b(-5).
21
Let l(j) = -19*j - 5. Give l(1).
-24
Let b(o) = -o**2 + 12*o + 6. Calculate b(5).
41
Let u(j) = j - 8. Calculate u(11).
3
Let l(n) = 14*n**2 + 6*n - 7. Give l(-3).
101
Let u(k) = 14*k - 15. Give u(5).
55
Let t(q) = -q**3 + 7*q**2 - 6*q - 7. Give t(6).
-7
Let r(i) = 4*i + 2. What is r(1)?
6
Let t(k) = k**2 + 17*k - 4. Determine t(-17).
-4
Let o(z) = -7*z**2 - z - 5. Calculate o(-3).
-65
Let v(b) = b**3 - 15*b**2 + 13*b + 2. Give v(14).
-12
Let h(j) = 2*j**2 + 6*j - 14. Give h(-4).
-6
Let m(w) = 16*w - 1. Determine m(-1).
-17
Let p(o) = 2*o**2 + 31*o + 49. Determine p(-12).
-35
Let w(u) = 3*u**2 - 13*u + 17. Give w(8).
105
Let t(n) = -23*n - 98. What is t(-4)?
-6
Let f(i) = -i**2 - 10*i - 26. Give f(-5).
-1
Let k(g) = g**3 + 5*g**2 + 5*g + 5. What is k(-4)?
1
Let a(p) = -p**3 - 8*p**2 - 7*p + 25. Calculate a(-6).
-5
Let o(m) = -3*m - 15. What is o(-7)?
6
Let n(g) = -g**2 - g + 9. Determine n(-4).
-3
Let p(i) = -i**3 + 46*i**2 - 48*i + 133. Determine p(45).
-2
Let b(k) = -152*k + 302. What is b(2)?
-2
Let b(o) = -o**3 - 6*o**2 - 12*o - 6. What is b(-5)?
29
Let l(n) = -3*n - 2